t q be (-17 + (1 - 4))*-1*2. What is the highest common factor of s and q?
10
Let c(p) = 16*p**2 + 103*p - 104. Let i be c(1). What is the highest common factor of 17820 and i?
15
Let z = -661 - -660. Let q be (z + -11)/(6/(-68)). What is the greatest common factor of 68 and q?
68
Suppose 4 = r + 5, -3*c = 5*r - 475. Suppose -28 = 3*u - 10. Let n(x) = -x**3 - 5*x**2 + 3*x + 14. Let s be n(u). What is the greatest common factor of s and c?
32
Let h(q) = -9*q + 102. Let p be h(11). Suppose -p*r - 4*g + 40 = 0, -19*r - g - 4 = -20*r. Calculate the greatest common divisor of 5 and r.
1
Suppose 2*s - 61 = b, 0*s = s - 3*b - 33. Let y = 8778 + -8283. Calculate the greatest common divisor of y and s.
15
Suppose 3*f - 4*s - 323 = 224, -2*f + 3*s = -363. Suppose -2*w + 132 = -12*a + 7*a, 5*a = 4*w - 294. What is the greatest common divisor of f and w?
27
Let g = -154 + 156. Suppose -h + 3*l + 82 = 5*l, g*l = -6. What is the greatest common factor of 22 and h?
22
Suppose -o - 3 = 0, 3*w - 4*o + 0*o = 180. Let s = w - 37. Suppose s*m - 21*m + 72 = 0. Calculate the highest common factor of m and 24.
12
Suppose -791*b = -805*b - 252. Let g(a) = 8*a**2. Let o be g(1). Let x be (b/o)/((-6)/64). What is the greatest common factor of 8 and x?
8
Let h = -4048 - -4114. What is the greatest common divisor of 3608 and h?
22
Let q be (-75)/60 + 586/8. What is the highest common divisor of q and 1800?
72
Suppose -2 = -l + 1. Suppose l*s - 3 = -0*s. Suppose 23 = p - 5*j - 15, -25 = 5*j. What is the highest common divisor of s and p?
1
Let k(m) = 5730*m - 3820. Let i be k(6). Calculate the highest common factor of 160 and i.
160
Let h(z) = -z**3 + 23*z**2 + 56*z - 130. Let o be h(25). Let t = -325 + 705. Calculate the highest common factor of t and o.
20
Suppose -19*w = 30*w + 6419. Let l be w/(-8) - 30/80. What is the highest common factor of l and 480?
16
Let p = 2430 - 2331. What is the greatest common factor of p and 405?
9
Suppose -3*t - 32*v = -35*v - 4407, 0 = v + 5. Calculate the greatest common divisor of t and 120.
24
Suppose 540*a - 539*a - 289 = 0. Calculate the highest common divisor of a and 323.
17
Let d = 17083 + -16926. What is the highest common factor of d and 16956?
157
Let w = 9 + 45. Suppose 50 = 2*x + 16. Suppose 2049 = x*n - 2541. Calculate the greatest common divisor of n and w.
54
Let c be (4/2)/((-2)/(-4)). Suppose -2*l - 3*z = -52, -3*l - 12 + 112 = -z. What is the highest common divisor of c and l?
4
Suppose 24*m - 155 = 19*m. Suppose -15*o = -284 - m. What is the highest common divisor of 12 and o?
3
Let i = 704 + -702. Let s be (-74308)/(-728) + i/(-28). Calculate the greatest common factor of 12 and s.
6
Suppose -295 - 194 = -4*t + 3*d, -4*t + 486 = -2*d. Suppose -3*o - 1058*v + 42 = -1056*v, v + 135 = 5*o. What is the greatest common factor of o and t?
24
Let w(q) = -q**2 - 20*q + 3. Let z be w(-20). Suppose -36 = -2*y - 2*d, 5*y - 1 = z*d + 129. Calculate the highest common divisor of 253 and y.
23
Let c(t) = 5*t**2 - 100*t + 291. Let u be c(17). What is the greatest common factor of 972 and u?
36
Suppose -129*s + 188281 + 50224 = -513823. What is the highest common factor of 144 and s?
72
Let f(m) = -5*m**3 - 8*m**2 - 5*m - 10. Let v be f(-5). Suppose v = -7*q + 9*q. Calculate the highest common factor of 55 and q.
55
Suppose 0 = -45*z + 15*z + 240. Let p be (352/(-5))/(-2)*10. Suppose -4*g + 0*g + p = 0. Calculate the greatest common factor of g and z.
8
Let w(q) = -23*q - 99 + 2*q**3 - 3*q**3 + 75 - 22*q - 24*q**2 + 16*q. Let r be w(-23). What is the highest common factor of 24 and r?
6
Let i be (-443)/9 - (-60)/270. Let q = 60 + i. Let f(y) = y**3 - 12*y**2 + 15*y - 9. Let s be f(q). Calculate the greatest common divisor of s and 14.
7
Let z(r) = 37*r**2 + 6*r - 15. Let f = 233 - 230. Let n be z(f). Calculate the greatest common factor of 28 and n.
28
Let b(p) = -2*p**3 - 16*p**2 - 9*p - 70. Let t be b(-8). Suppose 6*j - 752 = 3*j - g, -t*g + 1004 = 4*j. What is the highest common factor of 150 and j?
50
Let v be (-9393)/(-39) + (335/65 - 5). Suppose 0 = 10*z - v - 109. Calculate the highest common divisor of 665 and z.
35
Let z(c) = -c**2 + 206*c + 2451. Let m be z(-11). Calculate the greatest common factor of 1952 and m.
32
Let k(t) = -2295*t - 8630. Let f be k(-4). What is the greatest common divisor of 374 and f?
22
Suppose 3390*c - 3386*c + 180 = 5*d, -5*c + 103 = 4*d. What is the highest common factor of 4080 and d?
16
Let p be 0/((-12)/(-2)) - (0 - -61). Let z = -40 - p. Suppose 0 = -3*t + x + 22, t - 4 = 5*x + 8. What is the greatest common factor of z and t?
7
Let j be 56872/28 + (-246)/(-287). What is the highest common divisor of 4 and j?
4
Suppose -18213*g - 5980 = -18259*g. Let q be (-1072)/(-36) - (-2)/9. Calculate the highest common factor of q and g.
10
Let d = -516 + 628. Let y = 52 - -44. Calculate the highest common divisor of d and y.
16
Let n(g) = -2*g**3 - 36*g**2 + 60*g + 28. Let p be n(-20). What is the greatest common divisor of p and 5243?
107
Suppose 0 = -2*u + 5*v + 11690, -u + 4788 = -8*v - 1024. What is the highest common divisor of 60 and u?
20
Let y = -560606 - -561945. Suppose -3*v + b = 4*b - 36, 3*v - 5*b = 44. Calculate the highest common divisor of y and v.
13
Let o(t) = 81*t**2 + 41*t + 81. Let q be o(-2). Let y = 32 + -13. Calculate the greatest common factor of y and q.
19
Suppose -20 = -5*h, 3*j - 3*h = -2*h + 1508. Let v = 798 + -654. Suppose j = 5*x + v. What is the greatest common divisor of 8 and x?
8
Let o be ((-12)/18)/(37/(-1332)). Suppose 0 = -y + 33 + 9. What is the greatest common divisor of o and y?
6
Let f be (3 - 15)/(0 - 1). Let q be (-1)/(-6) - f/(576/(-568)). What is the highest common factor of q and 138?
6
Suppose b - 560 = -3*y, -2*y + 42*b = 39*b - 388. Calculate the highest common factor of y and 940.
188
Let s = 2 - 18. Let n(p) = 12*p + 145. Let b be n(-12). Let u be b/(2*(-2)/s). Calculate the greatest common factor of u and 8.
4
Let k(b) = 223*b - 8334. Let i be k(47). What is the highest common factor of 904 and i?
113
Let i = -4747 - -5039. Calculate the greatest common factor of 365 and i.
73
Let y = -7840 + 11903. Calculate the greatest common factor of y and 68.
17
Suppose -4*o + 32 = -2*v, 2*v - 16 = -2*o - 2*o. Let c(y) = 28*y - 120. Let n be c(o). What is the highest common factor of n and 9?
3
Suppose -16461 = 27*n - 86*n. Let b = 95 - 64. Calculate the greatest common factor of n and b.
31
Let x(h) = h**2 - 25*h + 2*h - 7 + 13*h. Let f be x(-7). Suppose -4*d + 331 - 127 = 5*b, 2*d + 5*b - f = 0. Calculate the greatest common divisor of d and 138.
46
Let t be (-3)/8*1504/(-1410) - 718/(-5). What is the greatest common factor of t and 32688?
144
Let a = -39 - -74. Let h = a - 21. Let g = 47 - h. Calculate the highest common factor of 22 and g.
11
Suppose -3*t - 2424 = 4*n - 2*t, -3*n = 3*t + 1818. Let p be n/(-48) - 6/(-16). What is the highest common factor of 1 and p?
1
Let m = -16357 - -16368. Suppose 5*y - 11 = 59. Let g = y - m. Calculate the greatest common factor of g and 4.
1
Let b = 110568 - 110393. Let o be (-2 - 2)*(-70)/8. Calculate the highest common divisor of b and o.
35
Let b(y) = 3*y**2 - 44*y + 206. Let l be b(9). What is the highest common divisor of 477 and l?
53
Let m be -14 + 28*468/24. What is the highest common factor of 1197 and m?
133
Suppose 4*p + 107 = -3*x, -3*x + 154 = -5*p - 0*x. Let w be 1/(5 + 144/p). What is the highest common factor of w and 29?
29
Let h = 3200 - 3105. What is the highest common factor of h and 133?
19
Suppose 54*l - 51*l - 5*l = -18144. Calculate the greatest common divisor of 448 and l.
112
Let w be (-11 + 1565/15)/(1/3). Suppose -230 + w = p. What is the greatest common factor of p and 50?
50
Let g = -179 - -254. Let j(i) be the second derivative of 7*i**3/6 - 52*i**2 + 73*i + 2. Let n be j(17). Calculate the greatest common divisor of n and g.
15
Let n = 8680 + -6381. What is the greatest common factor of n and 121?
121
Suppose 13*s - 6 = 11*s. Suppose -6*c = -s*c - 72. Calculate the greatest common factor of 132 and c.
12
Let r(h) = 48*h + 333. Let c be r(-6). What is the highest common divisor of c and 1665?
45
Suppose -z + 74 = -4*d + 22, 0 = z - d - 46. Suppose -8*k + 19*k - 121 = 0. Calculate 